{"id":534,"date":"2022-10-29T17:30:28","date_gmt":"2022-10-29T15:30:28","guid":{"rendered":"https:\/\/pes-jura.fr\/saint-claude\/?page_id=534"},"modified":"2022-11-24T18:53:08","modified_gmt":"2022-11-24T17:53:08","slug":"therapeute-familiale-saint-claude","status":"publish","type":"page","link":"https:\/\/pes-jura.fr\/saint-claude\/therapeute-familiale-saint-claude\/","title":{"rendered":"Th\u00e9rapie Familiale Saint-Claude"},"content":{"rendered":"<div class=\"fusion-fullwidth fullwidth-box fusion-builder-row-1 fusion-flex-container nonhundred-percent-fullwidth non-hundred-percent-height-scrolling\" style=\"--awb-border-radius-top-left:0px;--awb-border-radius-top-right:0px;--awb-border-radius-bottom-right:0px;--awb-border-radius-bottom-left:0px;--awb-flex-wrap:wrap;\" ><div class=\"fusion-builder-row fusion-row fusion-flex-align-items-flex-start fusion-flex-content-wrap\" style=\"max-width:1144px;margin-left: calc(-4% \/ 2 );margin-right: calc(-4% \/ 2 );\"><div class=\"fusion-layout-column fusion_builder_column fusion-builder-column-0 fusion_builder_column_1_1 1_1 fusion-flex-column\" style=\"--awb-bg-size:cover;--awb-width-large:100%;--awb-margin-top-large:0px;--awb-spacing-right-large:1.92%;--awb-margin-bottom-large:0px;--awb-spacing-left-large:1.92%;--awb-width-medium:100%;--awb-order-medium:0;--awb-spacing-right-medium:1.92%;--awb-spacing-left-medium:1.92%;--awb-width-small:100%;--awb-order-small:0;--awb-spacing-right-small:1.92%;--awb-spacing-left-small:1.92%;\"><div class=\"fusion-column-wrapper fusion-column-has-shadow fusion-flex-justify-content-flex-start fusion-content-layout-column\"><div class=\"fusion-title title fusion-title-1 fusion-title-center fusion-title-text fusion-title-size-one\"><div class=\"title-sep-container title-sep-container-left\"><div class=\"title-sep sep-double sep-solid\" style=\"border-color:#e0dede;\"><\/div><\/div><span class=\"awb-title-spacer\"><\/span><h1 class=\"fusion-title-heading title-heading-center fusion-responsive-typography-calculated\" style=\"margin:0;--fontSize:34;line-height:1.41;\">Votre Th\u00e9rapeute Familiale \u00e0 Saint-Claude<\/h1><span class=\"awb-title-spacer\"><\/span><div class=\"title-sep-container title-sep-container-right\"><div class=\"title-sep sep-double sep-solid\" style=\"border-color:#e0dede;\"><\/div><\/div><\/div><div class=\"fusion-person person fusion-person-left fusion-person-1 fusion-person-icon-top\" style=\"--awb-pic-style-color:#000000;--awb-pic-borderradius:0px;--awb-margin-top:0px;--awb-margin-right:0px;--awb-margin-bottom:0px;--awb-margin-left:0px;--awb-social-box-border-top:0px;--awb-social-box-border-right:0px;--awb-social-box-border-bottom:0px;--awb-social-box-border-left:0px;--awb-social-box-border-color:var(--awb-color3);--awb-social-box-border-color-hover:var(--awb-color4);--awb-social-box-colors-hover:rgba(232,232,232,0.8);--awb-social-icon-boxed-colors:#e8e8e8;--awb-social-icon-colors:#82c9f0;--awb-social-icon-colors-hover:rgba(130,201,240,0.8);\"><div class=\"person-shortcode-image-wrapper\"><div class=\"person-image-container hover-type-none\" style=\"border:0px solid #f6f6f6;-webkit-border-radius:0px;-moz-border-radius:0px;border-radius:0px;\"><img decoding=\"async\" class=\"person-img img-responsive wp-image-509\" width=\"300\" height=\"200\" src=\"https:\/\/pes-jura.fr\/saint-claude\/wp-content\/uploads\/sites\/2\/2022\/10\/photo-Cathy-Couanon-300x200.jpg\" alt=\"Cathy Couanon \" srcset=\"https:\/\/pes-jura.fr\/saint-claude\/wp-content\/uploads\/sites\/2\/2022\/10\/photo-Cathy-Couanon-200x133.jpg 200w, https:\/\/pes-jura.fr\/saint-claude\/wp-content\/uploads\/sites\/2\/2022\/10\/photo-Cathy-Couanon-400x267.jpg 400w, https:\/\/pes-jura.fr\/saint-claude\/wp-content\/uploads\/sites\/2\/2022\/10\/photo-Cathy-Couanon-600x400.jpg 600w, https:\/\/pes-jura.fr\/saint-claude\/wp-content\/uploads\/sites\/2\/2022\/10\/photo-Cathy-Couanon-800x534.jpg 800w, https:\/\/pes-jura.fr\/saint-claude\/wp-content\/uploads\/sites\/2\/2022\/10\/photo-Cathy-Couanon.jpg 850w\" sizes=\"(max-width: 1024px) 100vw, (max-width: 640px) 100vw, 300px\" \/><\/div><\/div><div class=\"person-desc\"><div class=\"person-author\"><div class=\"person-author-wrapper\"><span class=\"person-name\">Cathy Couanon <\/span><span class=\"person-title\">Th\u00e9rapeute Familiale<\/span><\/div><\/div><div class=\"person-content fusion-clearfix\"><\/div><\/div><\/div><div class=\"fusion-text fusion-text-1\"><div>\n<p class=\"Standard\" style=\"text-align: justify;\">Apr\u00e8s un parcours professionnel riche en exp\u00e9riences dans le secteur du tourisme et de la culture, Cathy Couanon, s&rsquo;est int\u00e9ress\u00e9e \u00e0 la relation d&rsquo;aide. A 40 ans, elle a d\u00e9couvert un nouveau m\u00e9tier, celui d&rsquo;\u00e9ducatrice sp\u00e9cialis\u00e9e. Elle a travaill\u00e9 durant plus de 11 ans dans le secteur de la protection de l&rsquo;enfance. Elle a ainsi exp\u00e9riment\u00e9 la rencontre avec des familles, chaque fois diff\u00e9rentes. Elle est all\u00e9e \u00e0 la rencontre de leur construction du monde en adoptant la position de l&rsquo;ethnologue.<\/p>\n<\/div>\n<div style=\"text-align: justify;\">\n<p class=\"Standard\">C&rsquo;est dans la suite logique qu&rsquo;elle a effectu\u00e9 une formation en approche syst\u00e9mique.<\/p>\n<\/div>\n<div style=\"text-align: justify;\">\n<p class=\"Standard\">En compl\u00e9ment, la sophrologie s&rsquo;est impos\u00e9e \u00e0 Cathy, car<span lang=\"FR\"> elle prend en compte la personne dans sa globalit\u00e9 (voir l\u2019autre onglet concernant la sophrologie).<\/span><\/p>\n<\/div>\n<div style=\"text-align: justify;\">\n<p class=\"Standard\"><span lang=\"FR\">Sa posture est guid\u00e9e par la bienveillance, le respect, le non-jugement, la confidentialit\u00e9 et l\u2019adaptabilit\u00e9 \u00e0 chaque personne, \u00e0 chaque situation.<\/span><\/p>\n<\/div>\n<div>\n<p class=\"Standard\" style=\"text-align: justify;\"><span lang=\"FR\">Cathy Couanon b\u00e9n\u00e9ficie d\u2019une supervision afin de v\u00e9rifier et d\u2019am\u00e9liorer la qualit\u00e9 de sa posture professionnelle.<\/span><\/p>\n<\/div>\n<\/div><div class=\"fusion-image-element \" style=\"text-align:center;--awb-caption-title-font-family:var(--h2_typography-font-family);--awb-caption-title-font-weight:var(--h2_typography-font-weight);--awb-caption-title-font-style:var(--h2_typography-font-style);--awb-caption-title-size:var(--h2_typography-font-size);--awb-caption-title-transform:var(--h2_typography-text-transform);--awb-caption-title-line-height:var(--h2_typography-line-height);--awb-caption-title-letter-spacing:var(--h2_typography-letter-spacing);\"><span class=\" fusion-imageframe imageframe-none imageframe-1 hover-type-none\"><img decoding=\"async\" width=\"103\" height=\"103\" title=\"logo Soci\u00e9t\u00e9 Fran\u00e7asise de Th\u00e9rapie Familiale\" src=\"https:\/\/pes-jura.fr\/saint-claude\/wp-content\/uploads\/sites\/2\/2022\/10\/logo-Societe-Francasise-de-Therapie-Familiale.jpg\" alt class=\"img-responsive wp-image-537\" srcset=\"https:\/\/pes-jura.fr\/saint-claude\/wp-content\/uploads\/sites\/2\/2022\/10\/logo-Societe-Francasise-de-Therapie-Familiale-66x66.jpg 66w, https:\/\/pes-jura.fr\/saint-claude\/wp-content\/uploads\/sites\/2\/2022\/10\/logo-Societe-Francasise-de-Therapie-Familiale.jpg 103w\" sizes=\"(max-width: 103px) 100vw, 103px\" \/><\/span><\/div><div class=\"fusion-title title fusion-title-2 fusion-title-center fusion-title-text fusion-title-size-one\"><div class=\"title-sep-container title-sep-container-left\"><div class=\"title-sep sep-double sep-solid\" style=\"border-color:#e0dede;\"><\/div><\/div><span class=\"awb-title-spacer\"><\/span><h1 class=\"fusion-title-heading title-heading-center fusion-responsive-typography-calculated\" style=\"margin:0;--fontSize:34;line-height:1.41;\"><div>\n<p class=\"Standard\">Son \u00e9tablissement de formation<\/p>\n<\/div><\/h1><span class=\"awb-title-spacer\"><\/span><div class=\"title-sep-container title-sep-container-right\"><div class=\"title-sep sep-double sep-solid\" style=\"border-color:#e0dede;\"><\/div><\/div><\/div><div class=\"fusion-text fusion-text-2\"><p>R\u00e9seau, organisme de formation situ\u00e9 \u00e0 Dijon, propose une formation de th\u00e9rapeute familiale sur une dur\u00e9e de 5 ans. Le processus p\u00e9dagogique implique le futur th\u00e9rapeute tant sur le plan de sa singularit\u00e9 (travail sur son histoire personnelle en utilisant les outils syt\u00e9miques) que sur son appartenance au groupe (travail sur la place occup\u00e9e au sein du groupe de formation)<\/p>\n<p>J\u2019ai obtenu ma certification de th\u00e9rapeute familiale en d\u00e9cembre 2021 apr\u00e8s 5 ann\u00e9es de formation et avoir effectu\u00e9 100 heures de th\u00e9rapie accompagn\u00e9e par un th\u00e9rapeute en poste.<\/p>\n<\/div><div class=\"fusion-image-element \" style=\"text-align:center;--awb-caption-title-font-family:var(--h2_typography-font-family);--awb-caption-title-font-weight:var(--h2_typography-font-weight);--awb-caption-title-font-style:var(--h2_typography-font-style);--awb-caption-title-size:var(--h2_typography-font-size);--awb-caption-title-transform:var(--h2_typography-text-transform);--awb-caption-title-line-height:var(--h2_typography-line-height);--awb-caption-title-letter-spacing:var(--h2_typography-letter-spacing);\"><span class=\" fusion-imageframe imageframe-none imageframe-2 hover-type-none\"><img decoding=\"async\" width=\"300\" height=\"212\" title=\"certification R\u00e9seau\" src=\"https:\/\/pes-jura.fr\/saint-claude\/wp-content\/uploads\/sites\/2\/2022\/10\/certification-Reseau-300x212.png\" alt class=\"img-responsive wp-image-535\" srcset=\"https:\/\/pes-jura.fr\/saint-claude\/wp-content\/uploads\/sites\/2\/2022\/10\/certification-Reseau-200x141.png 200w, https:\/\/pes-jura.fr\/saint-claude\/wp-content\/uploads\/sites\/2\/2022\/10\/certification-Reseau-400x283.png 400w, https:\/\/pes-jura.fr\/saint-claude\/wp-content\/uploads\/sites\/2\/2022\/10\/certification-Reseau-600x424.png 600w, https:\/\/pes-jura.fr\/saint-claude\/wp-content\/uploads\/sites\/2\/2022\/10\/certification-Reseau-800x566.png 800w, https:\/\/pes-jura.fr\/saint-claude\/wp-content\/uploads\/sites\/2\/2022\/10\/certification-Reseau.png 1000w\" sizes=\"(max-width: 1024px) 100vw, (max-width: 640px) 100vw, 300px\" \/><\/span><\/div><\/div><\/div><\/div><\/div>\n","protected":false},"excerpt":{"rendered":"","protected":false},"author":1,"featured_media":0,"parent":0,"menu_order":0,"comment_status":"closed","ping_status":"closed","template":"","meta":{"footnotes":""},"class_list":["post-534","page","type-page","status-publish","hentry"],"_links":{"self":[{"href":"https:\/\/pes-jura.fr\/saint-claude\/wp-json\/wp\/v2\/pages\/534","targetHints":{"allow":["GET"]}}],"collection":[{"href":"https:\/\/pes-jura.fr\/saint-claude\/wp-json\/wp\/v2\/pages"}],"about":[{"href":"https:\/\/pes-jura.fr\/saint-claude\/wp-json\/wp\/v2\/types\/page"}],"author":[{"embeddable":true,"href":"https:\/\/pes-jura.fr\/saint-claude\/wp-json\/wp\/v2\/users\/1"}],"replies":[{"embeddable":true,"href":"https:\/\/pes-jura.fr\/saint-claude\/wp-json\/wp\/v2\/comments?post=534"}],"version-history":[{"count":3,"href":"https:\/\/pes-jura.fr\/saint-claude\/wp-json\/wp\/v2\/pages\/534\/revisions"}],"predecessor-version":[{"id":564,"href":"https:\/\/pes-jura.fr\/saint-claude\/wp-json\/wp\/v2\/pages\/534\/revisions\/564"}],"wp:attachment":[{"href":"https:\/\/pes-jura.fr\/saint-claude\/wp-json\/wp\/v2\/media?parent=534"}],"curies":[{"name":"wp","href":"https:\/\/api.w.org\/{rel}","templated":true}]}}

Thérapie Familiale Saint-Claude

<div class="fusion-fullwidth fullwidth-box fusion-builder-row-1 fusion-flex-container nonhundred-percent-fullwidth non-hundred-percent-height-scrolling" style="--awb-border-radius-top-left:0px;--awb-border-radius-top-right:0px;--awb-border-radius-bottom-right:0px;--awb-border-radius-bottom-left:0px;--awb-flex-wrap:wrap;" ><div class="fusion-builder-row fusion-row fusion-flex-align-items-flex-start fusion-flex-content-wrap" style="max-width:1144px;margin-left: calc(-4% / 2 );margin-right: calc(-4% / 2 );"><div class="fusion-layout-column fusion_builder_column fusion-builder-column-0 fusion_builder_column_1_1 1_1 fusion-flex-column" style="--awb-bg-size:cover;--awb-width-large:100%;--awb-margin-top-large:0px;--awb-spacing-right-large:1.92%;--awb-margin-bottom-large:0px;--awb-spacing-left-large:1.92%;--awb-width-medium:100%;--awb-order-medium:0;--awb-spacing-right-medium:1.92%;--awb-spacing-left-medium:1.92%;--awb-width-small:100%;--awb-order-small:0;--awb-spacing-right-small:1.92%;--awb-spacing-left-small:1.92%;"><div class="fusion-column-wrapper fusion-column-has-shadow fusion-flex-justify-content-flex-start fusion-content-layout-column"><div class="fusion-title title fusion-title-1 fusion-title-center fusion-title-text fusion-title-size-one"><div class="title-sep-container title-sep-container-left"><div class="title-sep sep-double sep-solid" style="border-color:#e0dede;"></div></div><span class="awb-title-spacer"></span><h1 class="fusion-title-heading title-heading-center fusion-responsive-typography-calculated" style="margin:0;--fontSize:34;line-height:1.41;">Votre Thérapeute Familiale à Saint-Claude</h1><span class="awb-title-spacer"></span><div class="title-sep-container title-sep-container-right"><div class="title-sep sep-double sep-solid" style="border-color:#e0dede;"></div></div></div><div class="fusion-person person fusion-person-left fusion-person-1 fusion-person-icon-top" style="--awb-pic-style-color:#000000;--awb-pic-borderradius:0px;--awb-margin-top:0px;--awb-margin-right:0px;--awb-margin-bottom:0px;--awb-margin-left:0px;--awb-social-box-border-top:0px;--awb-social-box-border-right:0px;--awb-social-box-border-bottom:0px;--awb-social-box-border-left:0px;--awb-social-box-border-color:var(--awb-color3);--awb-social-box-border-color-hover:var(--awb-color4);--awb-social-box-colors-hover:rgba(232,232,232,0.8);--awb-social-icon-boxed-colors:#e8e8e8;--awb-social-icon-colors:#82c9f0;--awb-social-icon-colors-hover:rgba(130,201,240,0.8);"><div class="person-shortcode-image-wrapper"><div class="person-image-container hover-type-none" style="border:0px solid #f6f6f6;-webkit-border-radius:0px;-moz-border-radius:0px;border-radius:0px;"><img decoding="async" class="person-img img-responsive wp-image-509" width="300" height="200" src="https://pes-jura.fr/saint-claude/wp-content/uploads/sites/2/2022/10/photo-Cathy-Couanon-300x200.jpg" alt="Cathy Couanon " srcset="https://pes-jura.fr/saint-claude/wp-content/uploads/sites/2/2022/10/photo-Cathy-Couanon-200x133.jpg 200w, https://pes-jura.fr/saint-claude/wp-content/uploads/sites/2/2022/10/photo-Cathy-Couanon-400x267.jpg 400w, https://pes-jura.fr/saint-claude/wp-content/uploads/sites/2/2022/10/photo-Cathy-Couanon-600x400.jpg 600w, https://pes-jura.fr/saint-claude/wp-content/uploads/sites/2/2022/10/photo-Cathy-Couanon-800x534.jpg 800w, https://pes-jura.fr/saint-claude/wp-content/uploads/sites/2/2022/10/photo-Cathy-Couanon.jpg 850w" sizes="(max-width: 1024px) 100vw, (max-width: 640px) 100vw, 300px" /></div></div><div class="person-desc"><div class="person-author"><div class="person-author-wrapper"><span class="person-name">Cathy Couanon </span><span class="person-title">Thérapeute Familiale</span></div></div><div class="person-content fusion-clearfix"></div></div></div><div class="fusion-text fusion-text-1"><div>
<p class="Standard" style="text-align: justify;">Après un parcours professionnel riche en expériences dans le secteur du tourisme et de la culture, Cathy Couanon, s&rsquo;est intéressée à la relation d&rsquo;aide. A 40 ans, elle a découvert un nouveau métier, celui d&rsquo;éducatrice spécialisée. Elle a travaillé durant plus de 11 ans dans le secteur de la protection de l&rsquo;enfance. Elle a ainsi expérimenté la rencontre avec des familles, chaque fois différentes. Elle est allée à la rencontre de leur construction du monde en adoptant la position de l&rsquo;ethnologue.</p>
</div>
<div style="text-align: justify;">
<p class="Standard">C&rsquo;est dans la suite logique qu&rsquo;elle a effectué une formation en approche systémique.</p>
</div>
<div style="text-align: justify;">
<p class="Standard">En complément, la sophrologie s&rsquo;est imposée à Cathy, car<span lang="FR"> elle prend en compte la personne dans sa globalité (voir l’autre onglet concernant la sophrologie).</span></p>
</div>
<div style="text-align: justify;">
<p class="Standard"><span lang="FR">Sa posture est guidée par la bienveillance, le respect, le non-jugement, la confidentialité et l’adaptabilité à chaque personne, à chaque situation.</span></p>
</div>
<div>
<p class="Standard" style="text-align: justify;"><span lang="FR">Cathy Couanon bénéficie d’une supervision afin de vérifier et d’améliorer la qualité de sa posture professionnelle.</span></p>
</div>
</div><div class="fusion-image-element " style="text-align:center;--awb-caption-title-font-family:var(--h2_typography-font-family);--awb-caption-title-font-weight:var(--h2_typography-font-weight);--awb-caption-title-font-style:var(--h2_typography-font-style);--awb-caption-title-size:var(--h2_typography-font-size);--awb-caption-title-transform:var(--h2_typography-text-transform);--awb-caption-title-line-height:var(--h2_typography-line-height);--awb-caption-title-letter-spacing:var(--h2_typography-letter-spacing);"><span class=" fusion-imageframe imageframe-none imageframe-1 hover-type-none"><img decoding="async" width="103" height="103" title="logo Société Françasise de Thérapie Familiale" src="https://pes-jura.fr/saint-claude/wp-content/uploads/sites/2/2022/10/logo-Societe-Francasise-de-Therapie-Familiale.jpg" alt class="img-responsive wp-image-537" srcset="https://pes-jura.fr/saint-claude/wp-content/uploads/sites/2/2022/10/logo-Societe-Francasise-de-Therapie-Familiale-66x66.jpg 66w, https://pes-jura.fr/saint-claude/wp-content/uploads/sites/2/2022/10/logo-Societe-Francasise-de-Therapie-Familiale.jpg 103w" sizes="(max-width: 103px) 100vw, 103px" /></span></div><div class="fusion-title title fusion-title-2 fusion-title-center fusion-title-text fusion-title-size-one"><div class="title-sep-container title-sep-container-left"><div class="title-sep sep-double sep-solid" style="border-color:#e0dede;"></div></div><span class="awb-title-spacer"></span><h1 class="fusion-title-heading title-heading-center fusion-responsive-typography-calculated" style="margin:0;--fontSize:34;line-height:1.41;"><div>
<p class="Standard">Son établissement de formation</p>
</div></h1><span class="awb-title-spacer"></span><div class="title-sep-container title-sep-container-right"><div class="title-sep sep-double sep-solid" style="border-color:#e0dede;"></div></div></div><div class="fusion-text fusion-text-2"><p>Réseau, organisme de formation situé à Dijon, propose une formation de thérapeute familiale sur une durée de 5 ans. Le processus pédagogique implique le futur thérapeute tant sur le plan de sa singularité (travail sur son histoire personnelle en utilisant les outils sytémiques) que sur son appartenance au groupe (travail sur la place occupée au sein du groupe de formation)</p>
<p>J’ai obtenu ma certification de thérapeute familiale en décembre 2021 après 5 années de formation et avoir effectué 100 heures de thérapie accompagnée par un thérapeute en poste.</p>
</div><div class="fusion-image-element " style="text-align:center;--awb-caption-title-font-family:var(--h2_typography-font-family);--awb-caption-title-font-weight:var(--h2_typography-font-weight);--awb-caption-title-font-style:var(--h2_typography-font-style);--awb-caption-title-size:var(--h2_typography-font-size);--awb-caption-title-transform:var(--h2_typography-text-transform);--awb-caption-title-line-height:var(--h2_typography-line-height);--awb-caption-title-letter-spacing:var(--h2_typography-letter-spacing);"><span class=" fusion-imageframe imageframe-none imageframe-2 hover-type-none"><img decoding="async" width="300" height="212" title="certification Réseau" src="https://pes-jura.fr/saint-claude/wp-content/uploads/sites/2/2022/10/certification-Reseau-300x212.png" alt class="img-responsive wp-image-535" srcset="https://pes-jura.fr/saint-claude/wp-content/uploads/sites/2/2022/10/certification-Reseau-200x141.png 200w, https://pes-jura.fr/saint-claude/wp-content/uploads/sites/2/2022/10/certification-Reseau-400x283.png 400w, https://pes-jura.fr/saint-claude/wp-content/uploads/sites/2/2022/10/certification-Reseau-600x424.png 600w, https://pes-jura.fr/saint-claude/wp-content/uploads/sites/2/2022/10/certification-Reseau-800x566.png 800w, https://pes-jura.fr/saint-claude/wp-content/uploads/sites/2/2022/10/certification-Reseau.png 1000w" sizes="(max-width: 1024px) 100vw, (max-width: 640px) 100vw, 300px" /></span></div></div></div></div></div>
