{"id":476,"date":"2021-07-07T13:53:31","date_gmt":"2021-07-07T11:53:31","guid":{"rendered":"https:\/\/pes-jura.fr\/saint-claude\/?page_id=476"},"modified":"2021-07-07T13:54:54","modified_gmt":"2021-07-07T11:54:54","slug":"consultation-art-therapie","status":"publish","type":"page","link":"https:\/\/pes-jura.fr\/saint-claude\/consultation-art-therapie\/","title":{"rendered":"Consultation Art-Th\u00e9rapie"},"content":{"rendered":"<div class=\"fusion-fullwidth fullwidth-box fusion-builder-row-1 fusion-flex-container nonhundred-percent-fullwidth non-hundred-percent-height-scrolling\" style=\"--awb-border-radius-top-left:0px;--awb-border-radius-top-right:0px;--awb-border-radius-bottom-right:0px;--awb-border-radius-bottom-left:0px;--awb-flex-wrap:wrap;\" ><div class=\"fusion-builder-row fusion-row fusion-flex-align-items-flex-start fusion-flex-content-wrap\" style=\"max-width:1144px;margin-left: calc(-4% \/ 2 );margin-right: calc(-4% \/ 2 );\"><div class=\"fusion-layout-column fusion_builder_column fusion-builder-column-0 fusion_builder_column_1_1 1_1 fusion-flex-column\" style=\"--awb-bg-size:cover;--awb-width-large:100%;--awb-margin-top-large:0px;--awb-spacing-right-large:1.92%;--awb-margin-bottom-large:0px;--awb-spacing-left-large:1.92%;--awb-width-medium:100%;--awb-order-medium:0;--awb-spacing-right-medium:1.92%;--awb-spacing-left-medium:1.92%;--awb-width-small:100%;--awb-order-small:0;--awb-spacing-right-small:1.92%;--awb-spacing-left-small:1.92%;\"><div class=\"fusion-column-wrapper fusion-column-has-shadow fusion-flex-justify-content-flex-start fusion-content-layout-column\"><div class=\"fusion-title title fusion-title-1 fusion-title-center fusion-title-text fusion-title-size-one\"><div class=\"title-sep-container title-sep-container-left\"><div class=\"title-sep sep-double sep-solid\" style=\"border-color:#e0dede;\"><\/div><\/div><span class=\"awb-title-spacer\"><\/span><h1 class=\"fusion-title-heading title-heading-center fusion-responsive-typography-calculated\" style=\"margin:0;--fontSize:34;line-height:1.41;\">D\u00e9roulement d\u2019une consultation en Art-Th\u00e9rapie<\/h1><span class=\"awb-title-spacer\"><\/span><div class=\"title-sep-container title-sep-container-right\"><div class=\"title-sep sep-double sep-solid\" style=\"border-color:#e0dede;\"><\/div><\/div><\/div><div class=\"fusion-text fusion-text-1\"><div>\n<p class=\"Standard\" style=\"text-align: justify;\">Que ce soit en groupe ou en individuel, le d\u00e9roulement d&rsquo;un atelier d&rsquo;art-th\u00e9rapie est toujours sensiblement le m\u00eame.<\/p>\n<\/div>\n<div style=\"text-align: justify;\">\n<p class=\"Standard\">Apr\u00e8s un premier temps d&rsquo;accueil au cours duquel la personne peut exprimer comment elle se sent et qu&rsquo;elles sont ses attentes, un temps de mise en route est propos\u00e9\u00a0: \u00e9chauffement, respiration, relaxation, visualisation, m\u00e9ditation, \u2026 C&rsquo;est un temps important de retour \u00e0 soi, de recentrage, qui permet \u00e0 l&rsquo;accompagn\u00e9-e de s&rsquo;ouvrir \u00e0 sa propre cr\u00e9ativit\u00e9.<\/p>\n<\/div>\n<div style=\"text-align: justify;\">\n<p class=\"Standard\">Ensuite, le centre de la s\u00e9ance est le temps de cr\u00e9ation\u00a0: une consigne tr\u00e8s ouverte, ou un th\u00e8me, est propos\u00e9-e, le mat\u00e9riel du jour est pr\u00e9sent\u00e9, et la personne est alors invit\u00e9e \u00e0 cr\u00e9er en prenant appui sur le cadre offert. Pas d&rsquo;angoisse de la page blanche puisque la cr\u00e9ativit\u00e9 est guid\u00e9e par l&rsquo;art-th\u00e9rapeute de fa\u00e7on bienveillante.<\/p>\n<\/div>\n<div style=\"text-align: justify;\">\n<p class=\"Standard\">Apr\u00e8s ce temps de cr\u00e9ativit\u00e9, la personne est invit\u00e9e \u00e0 parler de sa cr\u00e9ation, elle peut s&rsquo;exprimer \u00e0 propos de ses ressentis, des difficult\u00e9s rencontr\u00e9es, des solutions trouv\u00e9es, et parfois, la personne d\u00e9couvre ainsi des ressources personnelles jusqu&rsquo;alors insoup\u00e7onn\u00e9es.<\/p>\n<\/div>\n<div style=\"text-align: justify;\">\n<p class=\"Standard\">Pour terminer, nous prenons le temps de clore l&rsquo;atelier, nettoyer et ranger le mat\u00e9riel, avant de prendre un nouveau RDV ensemble.<\/p>\n<\/div>\n<div style=\"text-align: justify;\">\n<p class=\"Standard\">C&rsquo;est le participant \u00e0 l&rsquo;atelier qui d\u00e9finit lui-m\u00eame la r\u00e9gularit\u00e9 qu&rsquo;il souhaite pour ses s\u00e9ances, la dur\u00e9e totale de l&rsquo;accompagnement n&rsquo;est pas d\u00e9fini au pr\u00e9alable.<\/p>\n<\/div>\n<div>\n<p class=\"Standard\" style=\"text-align: justify;\">De la m\u00eame fa\u00e7on, la personne choisit d&#8217;emporter ou non sa cr\u00e9ation du jour, son \u0153uvre lui appartient toujours.<\/p>\n<\/div>\n<\/div><div class=\"fusion-image-element \" style=\"text-align:center;--awb-bottom-shadow-color:rgba(0,0,0,0.4);--awb-caption-title-font-family:var(--h2_typography-font-family);--awb-caption-title-font-weight:var(--h2_typography-font-weight);--awb-caption-title-font-style:var(--h2_typography-font-style);--awb-caption-title-size:var(--h2_typography-font-size);--awb-caption-title-transform:var(--h2_typography-text-transform);--awb-caption-title-line-height:var(--h2_typography-line-height);--awb-caption-title-letter-spacing:var(--h2_typography-letter-spacing);\"><div class=\"awb-image-frame awb-image-frame-1 awb-bottomshadow\"><span class=\" fusion-imageframe imageframe-bottomshadow imageframe-1 hover-type-none\"><img decoding=\"async\" width=\"300\" height=\"221\" title=\"Artth\u00e9rapie\" src=\"https:\/\/pes-jura.fr\/saint-claude\/wp-content\/uploads\/sites\/2\/2021\/07\/Arttherapie-300x221.jpg\" alt class=\"img-responsive wp-image-477\" srcset=\"https:\/\/pes-jura.fr\/saint-claude\/wp-content\/uploads\/sites\/2\/2021\/07\/Arttherapie-200x147.jpg 200w, https:\/\/pes-jura.fr\/saint-claude\/wp-content\/uploads\/sites\/2\/2021\/07\/Arttherapie-400x295.jpg 400w, https:\/\/pes-jura.fr\/saint-claude\/wp-content\/uploads\/sites\/2\/2021\/07\/Arttherapie-600x442.jpg 600w, https:\/\/pes-jura.fr\/saint-claude\/wp-content\/uploads\/sites\/2\/2021\/07\/Arttherapie-800x589.jpg 800w, https:\/\/pes-jura.fr\/saint-claude\/wp-content\/uploads\/sites\/2\/2021\/07\/Arttherapie-1200x884.jpg 1200w, https:\/\/pes-jura.fr\/saint-claude\/wp-content\/uploads\/sites\/2\/2021\/07\/Arttherapie.jpg 1800w\" sizes=\"(max-width: 1024px) 100vw, (max-width: 640px) 100vw, 1200px\" \/><\/span><svg xmlns=\"http:\/\/www.w3.org\/2000\/svg\" version=\"1.1\" width=\"100%\" viewBox=\"0 0 600 28\" preserveAspectRatio=\"none\"><g clip-path=\"url(#a)\"><mask id=\"b\" style=\"mask-type:luminance\" maskUnits=\"userSpaceOnUse\" x=\"0\" y=\"0\" width=\"600\" height=\"28\"><path d=\"M0 0h600v28H0V0Z\" fill=\"#fff\"\/><\/mask><g filter=\"url(#c)\" mask=\"url(#b)\"><path d=\"M16.439-18.667h567.123v30.8S438.961-8.4 300-8.4C161.04-8.4 16.438 12.133 16.438 12.133v-30.8Z\" fill=\"#000\"\/><\/g><\/g><defs><clipPath id=\"a\"><path fill=\"#fff\" d=\"M0 0h600v28H0z\"\/><\/clipPath><filter id=\"c\" x=\"5.438\" y=\"-29.667\" width=\"589.123\" height=\"52.8\" filterUnits=\"userSpaceOnUse\" color-interpolation-filters=\"sRGB\"><feFlood flood-opacity=\"0\" result=\"BackgroundImageFix\"\/><feBlend in=\"SourceGraphic\" in2=\"BackgroundImageFix\" result=\"shape\"\/><feGaussianBlur stdDeviation=\"5.5\" result=\"effect1_foregroundBlur_3983_183\"\/><\/filter><\/defs><\/svg><\/div><\/div><div class=\"fusion-title title fusion-title-2 fusion-title-center fusion-title-text fusion-title-size-one\"><div class=\"title-sep-container title-sep-container-left\"><div class=\"title-sep sep-double sep-solid\" style=\"border-color:#e0dede;\"><\/div><\/div><span class=\"awb-title-spacer\"><\/span><h1 class=\"fusion-title-heading title-heading-center fusion-responsive-typography-calculated\" style=\"margin:0;--fontSize:34;line-height:1.41;\">Honoraires et Remboursements<\/h1><span class=\"awb-title-spacer\"><\/span><div class=\"title-sep-container title-sep-container-right\"><div class=\"title-sep sep-double sep-solid\" style=\"border-color:#e0dede;\"><\/div><\/div><\/div><div class=\"fusion-text fusion-text-2\"><div>\n<ul>\n<li class=\"Standard\" style=\"text-align: justify;\">En individuel, 55\u20ac la s\u00e9ance de 1 heure<\/li>\n<li class=\"Standard\" style=\"text-align: justify;\">En groupe, de 45\u20ac \u00e0 65 \u20ac selon le nombre de participants et la dur\u00e9e (de 1h30 \u00e0 3h)<\/li>\n<\/ul>\n<\/div>\n<div style=\"text-align: justify;\">\n<p class=\"Standard\">Les prix annonc\u00e9s comprennent le co\u00fbt du mat\u00e9riel fourni par l&rsquo;art-th\u00e9rapeute.<\/p>\n<\/div>\n<div style=\"text-align: justify;\">\n<p class=\"Standard\">Les consultations en art-th\u00e9rapie ne sont pas rembours\u00e9es par la s\u00e9curit\u00e9 sociale, mais de plus en plus de mutuelles prennent en charge une partie du co\u00fbt de la s\u00e9ance.<\/p>\n<\/div>\n<div style=\"text-align: justify;\">\n<p class=\"Standard\">Pour les personnes inscrites \u00e0 la MDPH, une prise en charge peut \u00eatre possible.<\/p>\n<\/div>\n<div>\n<p class=\"Standard\" style=\"text-align: justify;\">\n<\/div>\n<\/div><\/div><\/div><\/div><\/div>\n","protected":false},"excerpt":{"rendered":"","protected":false},"author":1,"featured_media":0,"parent":0,"menu_order":0,"comment_status":"closed","ping_status":"closed","template":"","meta":{"footnotes":""},"class_list":["post-476","page","type-page","status-publish","hentry"],"_links":{"self":[{"href":"https:\/\/pes-jura.fr\/saint-claude\/wp-json\/wp\/v2\/pages\/476","targetHints":{"allow":["GET"]}}],"collection":[{"href":"https:\/\/pes-jura.fr\/saint-claude\/wp-json\/wp\/v2\/pages"}],"about":[{"href":"https:\/\/pes-jura.fr\/saint-claude\/wp-json\/wp\/v2\/types\/page"}],"author":[{"embeddable":true,"href":"https:\/\/pes-jura.fr\/saint-claude\/wp-json\/wp\/v2\/users\/1"}],"replies":[{"embeddable":true,"href":"https:\/\/pes-jura.fr\/saint-claude\/wp-json\/wp\/v2\/comments?post=476"}],"version-history":[{"count":3,"href":"https:\/\/pes-jura.fr\/saint-claude\/wp-json\/wp\/v2\/pages\/476\/revisions"}],"predecessor-version":[{"id":480,"href":"https:\/\/pes-jura.fr\/saint-claude\/wp-json\/wp\/v2\/pages\/476\/revisions\/480"}],"wp:attachment":[{"href":"https:\/\/pes-jura.fr\/saint-claude\/wp-json\/wp\/v2\/media?parent=476"}],"curies":[{"name":"wp","href":"https:\/\/api.w.org\/{rel}","templated":true}]}}

Consultation Art-Thérapie

<div class="fusion-fullwidth fullwidth-box fusion-builder-row-1 fusion-flex-container nonhundred-percent-fullwidth non-hundred-percent-height-scrolling" style="--awb-border-radius-top-left:0px;--awb-border-radius-top-right:0px;--awb-border-radius-bottom-right:0px;--awb-border-radius-bottom-left:0px;--awb-flex-wrap:wrap;" ><div class="fusion-builder-row fusion-row fusion-flex-align-items-flex-start fusion-flex-content-wrap" style="max-width:1144px;margin-left: calc(-4% / 2 );margin-right: calc(-4% / 2 );"><div class="fusion-layout-column fusion_builder_column fusion-builder-column-0 fusion_builder_column_1_1 1_1 fusion-flex-column" style="--awb-bg-size:cover;--awb-width-large:100%;--awb-margin-top-large:0px;--awb-spacing-right-large:1.92%;--awb-margin-bottom-large:0px;--awb-spacing-left-large:1.92%;--awb-width-medium:100%;--awb-order-medium:0;--awb-spacing-right-medium:1.92%;--awb-spacing-left-medium:1.92%;--awb-width-small:100%;--awb-order-small:0;--awb-spacing-right-small:1.92%;--awb-spacing-left-small:1.92%;"><div class="fusion-column-wrapper fusion-column-has-shadow fusion-flex-justify-content-flex-start fusion-content-layout-column"><div class="fusion-title title fusion-title-1 fusion-title-center fusion-title-text fusion-title-size-one"><div class="title-sep-container title-sep-container-left"><div class="title-sep sep-double sep-solid" style="border-color:#e0dede;"></div></div><span class="awb-title-spacer"></span><h1 class="fusion-title-heading title-heading-center fusion-responsive-typography-calculated" style="margin:0;--fontSize:34;line-height:1.41;">Déroulement d’une consultation en Art-Thérapie</h1><span class="awb-title-spacer"></span><div class="title-sep-container title-sep-container-right"><div class="title-sep sep-double sep-solid" style="border-color:#e0dede;"></div></div></div><div class="fusion-text fusion-text-1"><div>
<p class="Standard" style="text-align: justify;">Que ce soit en groupe ou en individuel, le déroulement d&rsquo;un atelier d&rsquo;art-thérapie est toujours sensiblement le même.</p>
</div>
<div style="text-align: justify;">
<p class="Standard">Après un premier temps d&rsquo;accueil au cours duquel la personne peut exprimer comment elle se sent et qu&rsquo;elles sont ses attentes, un temps de mise en route est proposé : échauffement, respiration, relaxation, visualisation, méditation, … C&rsquo;est un temps important de retour à soi, de recentrage, qui permet à l&rsquo;accompagné-e de s&rsquo;ouvrir à sa propre créativité.</p>
</div>
<div style="text-align: justify;">
<p class="Standard">Ensuite, le centre de la séance est le temps de création : une consigne très ouverte, ou un thème, est proposé-e, le matériel du jour est présenté, et la personne est alors invitée à créer en prenant appui sur le cadre offert. Pas d&rsquo;angoisse de la page blanche puisque la créativité est guidée par l&rsquo;art-thérapeute de façon bienveillante.</p>
</div>
<div style="text-align: justify;">
<p class="Standard">Après ce temps de créativité, la personne est invitée à parler de sa création, elle peut s&rsquo;exprimer à propos de ses ressentis, des difficultés rencontrées, des solutions trouvées, et parfois, la personne découvre ainsi des ressources personnelles jusqu&rsquo;alors insoupçonnées.</p>
</div>
<div style="text-align: justify;">
<p class="Standard">Pour terminer, nous prenons le temps de clore l&rsquo;atelier, nettoyer et ranger le matériel, avant de prendre un nouveau RDV ensemble.</p>
</div>
<div style="text-align: justify;">
<p class="Standard">C&rsquo;est le participant à l&rsquo;atelier qui définit lui-même la régularité qu&rsquo;il souhaite pour ses séances, la durée totale de l&rsquo;accompagnement n&rsquo;est pas défini au préalable.</p>
</div>
<div>
<p class="Standard" style="text-align: justify;">De la même façon, la personne choisit d&#8217;emporter ou non sa création du jour, son œuvre lui appartient toujours.</p>
</div>
</div><div class="fusion-image-element " style="text-align:center;--awb-bottom-shadow-color:rgba(0,0,0,0.4);--awb-caption-title-font-family:var(--h2_typography-font-family);--awb-caption-title-font-weight:var(--h2_typography-font-weight);--awb-caption-title-font-style:var(--h2_typography-font-style);--awb-caption-title-size:var(--h2_typography-font-size);--awb-caption-title-transform:var(--h2_typography-text-transform);--awb-caption-title-line-height:var(--h2_typography-line-height);--awb-caption-title-letter-spacing:var(--h2_typography-letter-spacing);"><div class="awb-image-frame awb-image-frame-1 awb-bottomshadow"><span class=" fusion-imageframe imageframe-bottomshadow imageframe-1 hover-type-none"><img decoding="async" width="300" height="221" title="Artthérapie" src="https://pes-jura.fr/saint-claude/wp-content/uploads/sites/2/2021/07/Arttherapie-300x221.jpg" alt class="img-responsive wp-image-477" srcset="https://pes-jura.fr/saint-claude/wp-content/uploads/sites/2/2021/07/Arttherapie-200x147.jpg 200w, https://pes-jura.fr/saint-claude/wp-content/uploads/sites/2/2021/07/Arttherapie-400x295.jpg 400w, https://pes-jura.fr/saint-claude/wp-content/uploads/sites/2/2021/07/Arttherapie-600x442.jpg 600w, https://pes-jura.fr/saint-claude/wp-content/uploads/sites/2/2021/07/Arttherapie-800x589.jpg 800w, https://pes-jura.fr/saint-claude/wp-content/uploads/sites/2/2021/07/Arttherapie-1200x884.jpg 1200w, https://pes-jura.fr/saint-claude/wp-content/uploads/sites/2/2021/07/Arttherapie.jpg 1800w" sizes="(max-width: 1024px) 100vw, (max-width: 640px) 100vw, 1200px" /></span><svg xmlns="http://www.w3.org/2000/svg" version="1.1" width="100%" viewBox="0 0 600 28" preserveAspectRatio="none"><g clip-path="url(#a)"><mask id="b" style="mask-type:luminance" maskUnits="userSpaceOnUse" x="0" y="0" width="600" height="28"><path d="M0 0h600v28H0V0Z" fill="#fff"/></mask><g filter="url(#c)" mask="url(#b)"><path d="M16.439-18.667h567.123v30.8S438.961-8.4 300-8.4C161.04-8.4 16.438 12.133 16.438 12.133v-30.8Z" fill="#000"/></g></g><defs><clipPath id="a"><path fill="#fff" d="M0 0h600v28H0z"/></clipPath><filter id="c" x="5.438" y="-29.667" width="589.123" height="52.8" filterUnits="userSpaceOnUse" color-interpolation-filters="sRGB"><feFlood flood-opacity="0" result="BackgroundImageFix"/><feBlend in="SourceGraphic" in2="BackgroundImageFix" result="shape"/><feGaussianBlur stdDeviation="5.5" result="effect1_foregroundBlur_3983_183"/></filter></defs></svg></div></div><div class="fusion-title title fusion-title-2 fusion-title-center fusion-title-text fusion-title-size-one"><div class="title-sep-container title-sep-container-left"><div class="title-sep sep-double sep-solid" style="border-color:#e0dede;"></div></div><span class="awb-title-spacer"></span><h1 class="fusion-title-heading title-heading-center fusion-responsive-typography-calculated" style="margin:0;--fontSize:34;line-height:1.41;">Honoraires et Remboursements</h1><span class="awb-title-spacer"></span><div class="title-sep-container title-sep-container-right"><div class="title-sep sep-double sep-solid" style="border-color:#e0dede;"></div></div></div><div class="fusion-text fusion-text-2"><div>
<ul>
<li class="Standard" style="text-align: justify;">En individuel, 55€ la séance de 1 heure</li>
<li class="Standard" style="text-align: justify;">En groupe, de 45€ à 65 € selon le nombre de participants et la durée (de 1h30 à 3h)</li>
</ul>
</div>
<div style="text-align: justify;">
<p class="Standard">Les prix annoncés comprennent le coût du matériel fourni par l&rsquo;art-thérapeute.</p>
</div>
<div style="text-align: justify;">
<p class="Standard">Les consultations en art-thérapie ne sont pas remboursées par la sécurité sociale, mais de plus en plus de mutuelles prennent en charge une partie du coût de la séance.</p>
</div>
<div style="text-align: justify;">
<p class="Standard">Pour les personnes inscrites à la MDPH, une prise en charge peut être possible.</p>
</div>
<div>
<p class="Standard" style="text-align: justify;">
</div>
</div></div></div></div></div>
