{"id":45,"date":"2014-02-18T20:42:00","date_gmt":"2014-02-18T19:42:00","guid":{"rendered":"https:\/\/pes-jura.fr\/saint-claude\/?page_id=45"},"modified":"2017-01-28T19:53:35","modified_gmt":"2017-01-28T18:53:35","slug":"osteopathie","status":"publish","type":"page","link":"https:\/\/pes-jura.fr\/saint-claude\/osteopathie\/","title":{"rendered":"L&rsquo;Ost\u00e9opathie"},"content":{"rendered":"<div class=\"fusion-fullwidth fullwidth-box fusion-builder-row-1 nonhundred-percent-fullwidth non-hundred-percent-height-scrolling\" style=\"--awb-border-radius-top-left:0px;--awb-border-radius-top-right:0px;--awb-border-radius-bottom-right:0px;--awb-border-radius-bottom-left:0px;--awb-flex-wrap:wrap;\" ><div class=\"fusion-builder-row fusion-row\"><div class=\"fusion-layout-column fusion_builder_column fusion-builder-column-0 fusion_builder_column_1_1 1_1 fusion-one-full fusion-column-first fusion-column-last\" style=\"--awb-bg-size:cover;\"><div class=\"fusion-column-wrapper fusion-flex-column-wrapper-legacy\"><div class=\"fusion-title title fusion-title-1 fusion-title-center fusion-title-text fusion-title-size-one\"><div class=\"title-sep-container title-sep-container-left\"><div class=\"title-sep sep-double sep-solid\" style=\"border-color:#e0dede;\"><\/div><\/div><span class=\"awb-title-spacer\"><\/span><h1 class=\"fusion-title-heading title-heading-center fusion-responsive-typography-calculated\" style=\"margin:0;--fontSize:34;line-height:1.41;\">L&rsquo;Ost\u00e9opathie<\/h1><span class=\"awb-title-spacer\"><\/span><div class=\"title-sep-container title-sep-container-right\"><div class=\"title-sep sep-double sep-solid\" style=\"border-color:#e0dede;\"><\/div><\/div><\/div><div class=\"fusion-text fusion-text-1\"><p style=\"text-align: justify;\">Le Dr Andrew Taylor Still, m\u00e9decin et chirurgien, apr\u00e8s des ann\u00e9es de recherche, \u00e9nonce en 1874 la m\u00e9thode et les applications de l\u2019Ost\u00e9opathie. Le concept original consistait \u00e0 traiter les patients dans leur globalit\u00e9 en recherchant les causes des dysfonctions plut\u00f4t que de traiter les sympt\u00f4mes.<\/p>\n<p style=\"text-align: center;\"><img decoding=\"async\" class=\"aligncenter size-medium wp-image-177\" src=\"https:\/\/pes-jura.fr\/saint-claude\/wp-content\/uploads\/sites\/2\/2014\/02\/Still-251x300.jpg\" alt=\"\" width=\"251\" height=\"300\" srcset=\"https:\/\/pes-jura.fr\/saint-claude\/wp-content\/uploads\/sites\/2\/2014\/02\/Still-200x239.jpg 200w, https:\/\/pes-jura.fr\/saint-claude\/wp-content\/uploads\/sites\/2\/2014\/02\/Still-251x300.jpg 251w, https:\/\/pes-jura.fr\/saint-claude\/wp-content\/uploads\/sites\/2\/2014\/02\/Still-400x479.jpg 400w, https:\/\/pes-jura.fr\/saint-claude\/wp-content\/uploads\/sites\/2\/2014\/02\/Still-600x718.jpg 600w, https:\/\/pes-jura.fr\/saint-claude\/wp-content\/uploads\/sites\/2\/2014\/02\/Still.jpg 640w\" sizes=\"(max-width: 251px) 100vw, 251px\" \/><\/p>\n<div class=\"fusion-title title fusion-title-2 fusion-sep-none fusion-title-text fusion-title-size-two\"><h2 class=\"fusion-title-heading title-heading-left fusion-responsive-typography-calculated\" style=\"margin:0;--fontSize:28;line-height:1.5;\">D\u00e9finition de l&rsquo;Ost\u00e9opathie<\/h2><\/div>\n<p style=\"text-align: justify;\">C\u2019est une th\u00e9rapie manuelle qui consid\u00e8re le patient dans son ensemble, qui s\u2019emploie \u00e0 rechercher, diagnostiquer, traiter mais aussi pr\u00e9venir les restrictions de mobilit\u00e9 qui peuvent affecter toutes les structures du corps humain (articulations, tissus, visc\u00e8res). L&rsquo;ost\u00e9opathie a pour but de restaurer l\u2019\u00e9quilibre dynamique des diff\u00e9rentes structures de l&rsquo;organisme et d&rsquo;assurer la qualit\u00e9 de ses fonctions naturelles.<\/p>\n<div class=\"fusion-title title fusion-title-3 fusion-sep-none fusion-title-text fusion-title-size-two\"><h2 class=\"fusion-title-heading title-heading-left fusion-responsive-typography-calculated\" style=\"margin:0;--fontSize:28;line-height:1.5;\">Principes<\/h2><\/div>\n<h2><span style=\"text-align: justify; font-size: 16px;\">L&rsquo;Ost\u00e9opathie est fond\u00e9e sur 5 principes :<\/span><\/h2>\n<p style=\"text-align: justify;\"><ul style=\"--awb-size:15px;--awb-line-height:25.5px;--awb-icon-width:25.5px;--awb-icon-height:25.5px;--awb-icon-margin:10.5px;--awb-content-margin:36px;\" class=\"fusion-checklist fusion-checklist-1 fusion-checklist-default type-icons\"><\/p>\n\n<li class=\"fusion-li-item\" style=\"\"><span class=\"icon-wrapper circle-no\"><i class=\"fusion-li-icon fa fa-chevron-right\" aria-hidden=\"true\"><\/i><\/span><div class=\"fusion-li-item-content\"><b style=\"line-height: 1.5em;\">\u00ab\u00a0Le corps est un tout\u00a0\u00bb\u00a0:\u00a0<\/b><span style=\"line-height: 1.5em;\">dans son fonctionnement comme dans sa constitution.<\/span><\/div><\/li>\n<li class=\"fusion-li-item\" style=\"\"><span class=\"icon-wrapper circle-no\"><i class=\"fusion-li-icon fa fa-chevron-right\" aria-hidden=\"true\"><\/i><\/span><div class=\"fusion-li-item-content\"><b style=\"line-height: 1.5em;\">\u00ab\u00a0La structure gouverne la fonction\u00a0\u00bb\u00a0:\u00a0<\/b><span style=\"line-height: 1.5em;\">interrelation structure\/fonction, l\u2019une ne fonctionne pas sans l\u2019autre, et le dysfonctionnement de l\u2019une aura un impact sur l\u2019autre.<\/span><\/div><\/li>\n<li class=\"fusion-li-item\" style=\"\"><span class=\"icon-wrapper circle-no\"><i class=\"fusion-li-icon fa fa-chevron-right\" aria-hidden=\"true\"><\/i><\/span><div class=\"fusion-li-item-content\"><b style=\"line-height: 1.5em;\">\u00ab\u00a0Auto-gu\u00e9rison\u00a0\u00bb\u00a0:\u00a0<\/b><span style=\"line-height: 1.5em;\">capacit\u00e9s importantes de r\u00e9gulation et de gu\u00e9rison par le corps lui-m\u00eame.<\/span><\/div><\/li>\n<li class=\"fusion-li-item\" style=\"\"><span class=\"icon-wrapper circle-no\"><i class=\"fusion-li-icon fa fa-chevron-right\" aria-hidden=\"true\"><\/i><\/span><div class=\"fusion-li-item-content\"><b style=\"line-height: 1.5em;\">\u00ab\u00a0La r\u00e8gle de l\u2019art\u00e8re est absolue\u00a0\u00bb\u00a0<\/b><span style=\"line-height: 1.5em;\">: sang nourricier, son apport est essentiel au bon fonctionnement des tissus.<\/span><\/div><\/li>\n<li class=\"fusion-li-item\" style=\"\"><span class=\"icon-wrapper circle-no\"><i class=\"fusion-li-icon fa fa-chevron-right\" aria-hidden=\"true\"><\/i><\/span><div class=\"fusion-li-item-content\"><b style=\"line-height: 1.5em;\">\u00ab\u00a0La Vie, c\u2019est le Mouvement\u00a0\u00bb\u00a0:\u00a0<\/b><span style=\"line-height: 1.5em;\">mobilit\u00e9, essentielle pour un fonctionnement optimal des structures du corps humain.<\/span><\/div><\/li>\n\n<p><\/ul><\/p>\n<p style=\"text-align: center;\"><img decoding=\"async\" class=\"aligncenter size-medium wp-image-179\" src=\"https:\/\/pes-jura.fr\/saint-claude\/wp-content\/uploads\/sites\/2\/2014\/02\/Colonne-225x300.jpg\" alt=\"\" width=\"225\" height=\"300\" srcset=\"https:\/\/pes-jura.fr\/saint-claude\/wp-content\/uploads\/sites\/2\/2014\/02\/Colonne-200x267.jpg 200w, https:\/\/pes-jura.fr\/saint-claude\/wp-content\/uploads\/sites\/2\/2014\/02\/Colonne-225x300.jpg 225w, https:\/\/pes-jura.fr\/saint-claude\/wp-content\/uploads\/sites\/2\/2014\/02\/Colonne.jpg 300w\" sizes=\"(max-width: 225px) 100vw, 225px\" \/><\/p>\n<\/div><div class=\"fusion-clearfix\"><\/div><\/div><\/div><\/div><\/div>\n","protected":false},"excerpt":{"rendered":"","protected":false},"author":1,"featured_media":0,"parent":0,"menu_order":0,"comment_status":"open","ping_status":"open","template":"","meta":{"footnotes":""},"class_list":["post-45","page","type-page","status-publish","hentry"],"_links":{"self":[{"href":"https:\/\/pes-jura.fr\/saint-claude\/wp-json\/wp\/v2\/pages\/45","targetHints":{"allow":["GET"]}}],"collection":[{"href":"https:\/\/pes-jura.fr\/saint-claude\/wp-json\/wp\/v2\/pages"}],"about":[{"href":"https:\/\/pes-jura.fr\/saint-claude\/wp-json\/wp\/v2\/types\/page"}],"author":[{"embeddable":true,"href":"https:\/\/pes-jura.fr\/saint-claude\/wp-json\/wp\/v2\/users\/1"}],"replies":[{"embeddable":true,"href":"https:\/\/pes-jura.fr\/saint-claude\/wp-json\/wp\/v2\/comments?post=45"}],"version-history":[{"count":2,"href":"https:\/\/pes-jura.fr\/saint-claude\/wp-json\/wp\/v2\/pages\/45\/revisions"}],"predecessor-version":[{"id":180,"href":"https:\/\/pes-jura.fr\/saint-claude\/wp-json\/wp\/v2\/pages\/45\/revisions\/180"}],"wp:attachment":[{"href":"https:\/\/pes-jura.fr\/saint-claude\/wp-json\/wp\/v2\/media?parent=45"}],"curies":[{"name":"wp","href":"https:\/\/api.w.org\/{rel}","templated":true}]}}

L&rsquo;Ostéopathie

<div class="fusion-fullwidth fullwidth-box fusion-builder-row-1 nonhundred-percent-fullwidth non-hundred-percent-height-scrolling" style="--awb-border-radius-top-left:0px;--awb-border-radius-top-right:0px;--awb-border-radius-bottom-right:0px;--awb-border-radius-bottom-left:0px;--awb-flex-wrap:wrap;" ><div class="fusion-builder-row fusion-row"><div class="fusion-layout-column fusion_builder_column fusion-builder-column-0 fusion_builder_column_1_1 1_1 fusion-one-full fusion-column-first fusion-column-last" style="--awb-bg-size:cover;"><div class="fusion-column-wrapper fusion-flex-column-wrapper-legacy"><div class="fusion-title title fusion-title-1 fusion-title-center fusion-title-text fusion-title-size-one"><div class="title-sep-container title-sep-container-left"><div class="title-sep sep-double sep-solid" style="border-color:#e0dede;"></div></div><span class="awb-title-spacer"></span><h1 class="fusion-title-heading title-heading-center fusion-responsive-typography-calculated" style="margin:0;--fontSize:34;line-height:1.41;">L&rsquo;Ostéopathie</h1><span class="awb-title-spacer"></span><div class="title-sep-container title-sep-container-right"><div class="title-sep sep-double sep-solid" style="border-color:#e0dede;"></div></div></div><div class="fusion-text fusion-text-1"><p style="text-align: justify;">Le Dr Andrew Taylor Still, médecin et chirurgien, après des années de recherche, énonce en 1874 la méthode et les applications de l’Ostéopathie. Le concept original consistait à traiter les patients dans leur globalité en recherchant les causes des dysfonctions plutôt que de traiter les symptômes.</p>
<p style="text-align: center;"><img decoding="async" class="aligncenter size-medium wp-image-177" src="https://pes-jura.fr/saint-claude/wp-content/uploads/sites/2/2014/02/Still-251x300.jpg" alt="" width="251" height="300" srcset="https://pes-jura.fr/saint-claude/wp-content/uploads/sites/2/2014/02/Still-200x239.jpg 200w, https://pes-jura.fr/saint-claude/wp-content/uploads/sites/2/2014/02/Still-251x300.jpg 251w, https://pes-jura.fr/saint-claude/wp-content/uploads/sites/2/2014/02/Still-400x479.jpg 400w, https://pes-jura.fr/saint-claude/wp-content/uploads/sites/2/2014/02/Still-600x718.jpg 600w, https://pes-jura.fr/saint-claude/wp-content/uploads/sites/2/2014/02/Still.jpg 640w" sizes="(max-width: 251px) 100vw, 251px" /></p>
<div class="fusion-title title fusion-title-2 fusion-sep-none fusion-title-text fusion-title-size-two"><h2 class="fusion-title-heading title-heading-left fusion-responsive-typography-calculated" style="margin:0;--fontSize:28;line-height:1.5;">Définition de l&rsquo;Ostéopathie</h2></div>
<p style="text-align: justify;">C’est une thérapie manuelle qui considère le patient dans son ensemble, qui s’emploie à rechercher, diagnostiquer, traiter mais aussi prévenir les restrictions de mobilité qui peuvent affecter toutes les structures du corps humain (articulations, tissus, viscères). L&rsquo;ostéopathie a pour but de restaurer l’équilibre dynamique des différentes structures de l&rsquo;organisme et d&rsquo;assurer la qualité de ses fonctions naturelles.</p>
<div class="fusion-title title fusion-title-3 fusion-sep-none fusion-title-text fusion-title-size-two"><h2 class="fusion-title-heading title-heading-left fusion-responsive-typography-calculated" style="margin:0;--fontSize:28;line-height:1.5;">Principes</h2></div>
<h2><span style="text-align: justify; font-size: 16px;">L&rsquo;Ostéopathie est fondée sur 5 principes :</span></h2>
<p style="text-align: justify;"><ul style="--awb-size:15px;--awb-line-height:25.5px;--awb-icon-width:25.5px;--awb-icon-height:25.5px;--awb-icon-margin:10.5px;--awb-content-margin:36px;" class="fusion-checklist fusion-checklist-1 fusion-checklist-default type-icons"></p>

<li class="fusion-li-item" style=""><span class="icon-wrapper circle-no"><i class="fusion-li-icon fa fa-chevron-right" aria-hidden="true"></i></span><div class="fusion-li-item-content"><b style="line-height: 1.5em;">« Le corps est un tout » : </b><span style="line-height: 1.5em;">dans son fonctionnement comme dans sa constitution.</span></div></li>
<li class="fusion-li-item" style=""><span class="icon-wrapper circle-no"><i class="fusion-li-icon fa fa-chevron-right" aria-hidden="true"></i></span><div class="fusion-li-item-content"><b style="line-height: 1.5em;">« La structure gouverne la fonction » : </b><span style="line-height: 1.5em;">interrelation structure/fonction, l’une ne fonctionne pas sans l’autre, et le dysfonctionnement de l’une aura un impact sur l’autre.</span></div></li>
<li class="fusion-li-item" style=""><span class="icon-wrapper circle-no"><i class="fusion-li-icon fa fa-chevron-right" aria-hidden="true"></i></span><div class="fusion-li-item-content"><b style="line-height: 1.5em;">« Auto-guérison » : </b><span style="line-height: 1.5em;">capacités importantes de régulation et de guérison par le corps lui-même.</span></div></li>
<li class="fusion-li-item" style=""><span class="icon-wrapper circle-no"><i class="fusion-li-icon fa fa-chevron-right" aria-hidden="true"></i></span><div class="fusion-li-item-content"><b style="line-height: 1.5em;">« La règle de l’artère est absolue » </b><span style="line-height: 1.5em;">: sang nourricier, son apport est essentiel au bon fonctionnement des tissus.</span></div></li>
<li class="fusion-li-item" style=""><span class="icon-wrapper circle-no"><i class="fusion-li-icon fa fa-chevron-right" aria-hidden="true"></i></span><div class="fusion-li-item-content"><b style="line-height: 1.5em;">« La Vie, c’est le Mouvement » : </b><span style="line-height: 1.5em;">mobilité, essentielle pour un fonctionnement optimal des structures du corps humain.</span></div></li>

<p></ul></p>
<p style="text-align: center;"><img decoding="async" class="aligncenter size-medium wp-image-179" src="https://pes-jura.fr/saint-claude/wp-content/uploads/sites/2/2014/02/Colonne-225x300.jpg" alt="" width="225" height="300" srcset="https://pes-jura.fr/saint-claude/wp-content/uploads/sites/2/2014/02/Colonne-200x267.jpg 200w, https://pes-jura.fr/saint-claude/wp-content/uploads/sites/2/2014/02/Colonne-225x300.jpg 225w, https://pes-jura.fr/saint-claude/wp-content/uploads/sites/2/2014/02/Colonne.jpg 300w" sizes="(max-width: 225px) 100vw, 225px" /></p>
</div><div class="fusion-clearfix"></div></div></div></div></div>
