{"id":22,"date":"2014-01-20T00:39:18","date_gmt":"2014-01-19T23:39:18","guid":{"rendered":"https:\/\/pes-jura.fr\/saint-claude\/?page_id=22"},"modified":"2024-08-25T00:13:48","modified_gmt":"2024-08-24T22:13:48","slug":"contact","status":"publish","type":"page","link":"https:\/\/pes-jura.fr\/saint-claude\/contact\/","title":{"rendered":"Contact PES Saint-Claude"},"content":{"rendered":"<p><div class=\"fusion-fullwidth fullwidth-box fusion-builder-row-1 hundred-percent-fullwidth non-hundred-percent-height-scrolling\" style=\"--awb-border-radius-top-left:0px;--awb-border-radius-top-right:0px;--awb-border-radius-bottom-right:0px;--awb-border-radius-bottom-left:0px;--awb-padding-top:0px;--awb-padding-right:0px;--awb-padding-bottom:0px;--awb-padding-left:0px;--awb-margin-top:0px;--awb-margin-bottom:0px;--awb-flex-wrap:wrap;\" ><div class=\"fusion-builder-row fusion-row\"><div class=\"fusion-layout-column fusion_builder_column fusion-builder-column-0 fusion_builder_column_1_1 1_1 fusion-one-full fusion-column-first fusion-column-last\" style=\"--awb-bg-size:cover;\"><div class=\"fusion-column-wrapper fusion-flex-column-wrapper-legacy\">\t\t\t\t\t<script type=\"text\/javascript\">\n\t\t\t\t\t\tvar map_fusion_map_69f2bcc45e4ab;\n\t\t\t\t\t\tvar markers = [];\n\t\t\t\t\t\tvar counter = 0;\n\t\t\t\t\t\t\t\t\t\t\t\t\t\t\t\t\t\t\t\tvar fusionMapNonce = 'df1fc478f8';\n\t\t\t\t\t\t\t\t\t\t\t\tfunction fusion_run_map_fusion_map_69f2bcc45e4ab() {\n\t\t\t\t\t\t\tjQuery ('#fusion_map_69f2bcc45e4ab' ).fusion_maps( {\n\t\t\t\t\t\t\t\taddresses: [{\"address\":\"2 Boulevard de la R\\u00e9publique, 39200 Saint-Claude, France\",\"infobox_content\":\"<center>P\\u00f4le Equilibre&Sant\\u00e9 de Saint-Claude<br \\\/>2 Boulevard de la R\\u00e9publique<br \\\/> 39200 Saint-Claude <\\\/center>\\\\n\",\"marker\":\"https:\\\/\\\/pes-jura.fr\\\/saint-claude\\\/wp-content\\\/uploads\\\/sites\\\/2\\\/2017\\\/01\\\/Marker-Map-PES_FondBlanc-e1485622505524.png\",\"coordinates\":false,\"cache\":true,\"latitude\":\"46.3906517\",\"longitude\":\"5.8631460999999945\"}],\n\t\t\t\t\t\t\t\tanimations: true,\n\t\t\t\t\t\t\t\tinfobox_background_color: '#ffffff',\n\t\t\t\t\t\t\t\tinfobox_styling: 'custom',\n\t\t\t\t\t\t\t\tinfobox_text_color: '#000000',\n\t\t\t\t\t\t\t\tmap_style: 'custom',\n\t\t\t\t\t\t\t\tmap_type: 'roadmap',\n\t\t\t\t\t\t\t\tmarker_icon: 'https:\/\/pes-jura.fr\/saint-claude\/wp-content\/uploads\/sites\/2\/2017\/01\/Marker-Map-PES_FondBlanc-e1485622505524.png',\n\t\t\t\t\t\t\t\toverlay_color: '',\n\t\t\t\t\t\t\t\toverlay_color_hsl: {\"hue\":0,\"sat\":0,\"lum\":100},\n\t\t\t\t\t\t\t\tshow_address: true,\n\t\t\t\t\t\t\t\tscale_control: true,\n\t\t\t\t\t\t\t\tscrollwheel: false,\n\t\t\t\t\t\t\t\tzoom: 15,\n\t\t\t\t\t\t\t\tzoom_control: true,\n\t\t\t\t\t\t\t} );\n\t\t\t\t\t\t}\n\n\t\t\t\t\t\tgoogle.maps.event.addDomListener(window, 'load', fusion_run_map_fusion_map_69f2bcc45e4ab);\n\t\t\t\t\t<\/script>\n\t\t\t\t\t<div class=\"shortcode-map fusion-google-map fusion-maps-js-type\" style=\"--awb-height:400px;\" id=\"fusion_map_69f2bcc45e4ab\"><\/div><div class=\"fusion-clearfix\"><\/div><\/div><\/div><\/div><\/div><div class=\"fusion-fullwidth fullwidth-box fusion-builder-row-2 nonhundred-percent-fullwidth non-hundred-percent-height-scrolling fusion-no-small-visibility fusion-no-medium-visibility\" style=\"--awb-border-radius-top-left:0px;--awb-border-radius-top-right:0px;--awb-border-radius-bottom-right:0px;--awb-border-radius-bottom-left:0px;--awb-padding-top:20px;--awb-padding-bottom:20px;--awb-flex-wrap:wrap;\" ><div class=\"fusion-builder-row fusion-row\"><div class=\"fusion-layout-column fusion_builder_column fusion-builder-column-1 fusion_builder_column_1_1 1_1 fusion-one-full fusion-column-first fusion-column-last\" style=\"--awb-bg-size:cover;\"><div class=\"fusion-column-wrapper fusion-flex-column-wrapper-legacy\"><div class=\"fusion-title title fusion-title-1 fusion-title-center fusion-title-text fusion-title-size-one\"><div class=\"title-sep-container title-sep-container-left\"><div class=\"title-sep sep-double sep-solid\" style=\"border-color:#e0dede;\"><\/div><\/div><span class=\"awb-title-spacer\"><\/span><h1 class=\"fusion-title-heading title-heading-center fusion-responsive-typography-calculated\" style=\"margin:0;--fontSize:34;line-height:1.41;\">Nous contacter<\/h1><span class=\"awb-title-spacer\"><\/span><div class=\"title-sep-container title-sep-container-right\"><div class=\"title-sep sep-double sep-solid\" style=\"border-color:#e0dede;\"><\/div><\/div><\/div><div class=\"fusion-text fusion-text-1\"><p style=\"text-align: justify;\">Vous souhaitez contacter un th\u00e9rapeute du P\u00f4le Equilibre&amp;Sant\u00e9 de Saint-Claude\u00a0pour poser des questions ou prendre rendez-vous? Pour cela, rien de plus simple : nous vous invitons \u00e0 remplir ce formulaire de contact et nous t\u00e2cherons\u00a0de vous r\u00e9pondre dans les plus brefs d\u00e9lais.<\/p>\n<p style=\"text-align: justify;\">Vous pouvez\u00a0\u00e9galement\u00a0prendre contact par t\u00e9l\u00e9phone :<\/p>\n<p><i class=\"fb-icon-element-1 fb-icon-element fontawesome-icon fa fa-phone circle-no fusion-text-flow\" style=\"--awb-font-size:20px;--awb-margin-right:10px;\"><\/i><b>Art-th\u00e9rapie :<\/b>06 08 80 39 87<\/p>\n<p style=\"text-align: justify;\"><i class=\"fb-icon-element-2 fb-icon-element fontawesome-icon fa fa-phone circle-no fusion-text-flow\" style=\"--awb-font-size:20px;--awb-margin-right:10px;\"><\/i><b>Ost\u00e9opathie :<\/b> 06 51 93 55 80<\/p>\n<p><i class=\"fb-icon-element-3 fb-icon-element fontawesome-icon fa fa-phone circle-no fusion-text-flow\" style=\"--awb-font-size:20px;--awb-margin-right:10px;\"><\/i><b>Psychologie-Psychoth\u00e9rapie :\u00a0<\/b>07 82 43 91 75<\/p>\n<p style=\"text-align: justify;\"><i class=\"fb-icon-element-4 fb-icon-element fontawesome-icon fa fa-phone circle-no fusion-text-flow\" style=\"--awb-font-size:20px;--awb-margin-right:10px;\"><\/i><b>Psycho-th\u00e9rapie : <\/b>06 76 84 80 82<\/p>\n<p><i class=\"fb-icon-element-5 fb-icon-element fontawesome-icon fa fa-phone circle-no fusion-text-flow\" style=\"--awb-font-size:20px;--awb-margin-right:10px;\"><\/i><b>R\u00e9flexologie Plantaire :\u00a0<\/b>07 49 06 75 75 (Carine)<\/p>\n<p><i class=\"fb-icon-element-6 fb-icon-element fontawesome-icon fa fa-phone circle-no fusion-text-flow\" style=\"--awb-font-size:20px;--awb-margin-right:10px;\"><\/i><b>Soins Infirmiers : <\/b>07 86 03 07 34<\/p>\n<p><i class=\"fb-icon-element-7 fb-icon-element fontawesome-icon fa fa-phone circle-no fusion-text-flow\" style=\"--awb-font-size:20px;--awb-margin-right:10px;\"><\/i><b>Sophrologie :\u00a0<\/b>06 72 19 83 88<\/p>\n<p><i class=\"fb-icon-element-8 fb-icon-element fontawesome-icon fa fa-phone circle-no fusion-text-flow\" style=\"--awb-font-size:20px;--awb-margin-right:10px;\"><\/i><b>Th\u00e9rapie Familiale :\u00a0<\/b>06 72 19 83 88<\/p>\n<p style=\"text-align: justify;\">Veuillez noter que nous \u00e9vitons de d\u00e9crocher\u00a0lorsque nous sommes en consultation, mais vous pouvez laisser un message avec vos coordonn\u00e9es pour que nous puissions vous rappeler d\u00e8s que possible.<\/p>\n<p style=\"text-align: justify;\">[contact-form-7 id=\u00a0\u00bb153&Prime; title=\u00a0\u00bbContact PES Saint-Claude\u00a0\u00bb]<\/p>\n<\/div><div class=\"fusion-clearfix\"><\/div><\/div><\/div><\/div><\/div><div class=\"fusion-fullwidth fullwidth-box fusion-builder-row-3 nonhundred-percent-fullwidth non-hundred-percent-height-scrolling fusion-no-large-visibility\" style=\"--awb-border-radius-top-left:0px;--awb-border-radius-top-right:0px;--awb-border-radius-bottom-right:0px;--awb-border-radius-bottom-left:0px;--awb-padding-top:20px;--awb-padding-bottom:20px;--awb-flex-wrap:wrap;\" ><div class=\"fusion-builder-row fusion-row\"><div class=\"fusion-layout-column fusion_builder_column fusion-builder-column-2 fusion_builder_column_1_1 1_1 fusion-one-full fusion-column-first fusion-column-last\" style=\"--awb-bg-size:cover;\"><div class=\"fusion-column-wrapper fusion-flex-column-wrapper-legacy\"><div class=\"fusion-title title fusion-title-2 fusion-title-center fusion-title-text fusion-title-size-one\"><div class=\"title-sep-container title-sep-container-left\"><div class=\"title-sep sep-double sep-solid\" style=\"border-color:#e0dede;\"><\/div><\/div><span class=\"awb-title-spacer\"><\/span><h1 class=\"fusion-title-heading title-heading-center fusion-responsive-typography-calculated\" style=\"margin:0;--fontSize:34;line-height:1.41;\">Nous contacter<\/h1><span class=\"awb-title-spacer\"><\/span><div class=\"title-sep-container title-sep-container-right\"><div class=\"title-sep sep-double sep-solid\" style=\"border-color:#e0dede;\"><\/div><\/div><\/div><div class=\"fusion-text fusion-text-2\"><p style=\"text-align: justify;\">Vous souhaitez contacter un th\u00e9rapeute du P\u00f4le Equilibre&amp;Sant\u00e9 de Saint-Claude\u00a0pour poser des questions ou prendre rendez-vous? Pour cela, rien de plus simple : nous vous invitons \u00e0 remplir ce formulaire de contact et nous t\u00e2cherons\u00a0de vous r\u00e9pondre dans les plus brefs d\u00e9lais.<\/p>\n<p style=\"text-align: justify;\">Vous pouvez\u00a0\u00e9galement\u00a0prendre contact par t\u00e9l\u00e9phone :<\/p>\n<p><i class=\"fb-icon-element-9 fb-icon-element fontawesome-icon fa fa-phone circle-no fusion-text-flow\" style=\"--awb-font-size:20px;--awb-margin-right:10px;\"><\/i><b>Art-th\u00e9rapie :<\/b>06 08 80 39 87<\/p>\n<p style=\"text-align: justify;\"><i class=\"fb-icon-element-10 fb-icon-element fontawesome-icon fa fa-phone circle-no fusion-text-flow\" style=\"--awb-font-size:20px;--awb-margin-right:10px;\"><\/i><b>Ost\u00e9opathie :<\/b> 06 51 93 55 80<\/p>\n<p><i class=\"fb-icon-element-11 fb-icon-element fontawesome-icon fa fa-phone circle-no fusion-text-flow\" style=\"--awb-font-size:20px;--awb-margin-right:10px;\"><\/i><b>Psychologie-Psychoth\u00e9rapie :\u00a0<\/b>07 82 43 91 75<\/p>\n<p style=\"text-align: justify;\"><i class=\"fb-icon-element-12 fb-icon-element fontawesome-icon fa fa-phone circle-no fusion-text-flow\" style=\"--awb-font-size:20px;--awb-margin-right:10px;\"><\/i><b>Psycho-th\u00e9rapie : <\/b>06 76 84 80 82<\/p>\n<p><i class=\"fb-icon-element-13 fb-icon-element fontawesome-icon fa fa-phone circle-no fusion-text-flow\" style=\"--awb-font-size:20px;--awb-margin-right:10px;\"><\/i><b>R\u00e9flexologie Plantaire :\u00a0<\/b>07 49 06 75 75 (Carine)<\/p>\n<p><i class=\"fb-icon-element-14 fb-icon-element fontawesome-icon fa fa-phone circle-no fusion-text-flow\" style=\"--awb-font-size:20px;--awb-margin-right:10px;\"><\/i><b>Soins Infirmiers : <\/b>07 86 03 07 34<\/p>\n<p><i class=\"fb-icon-element-15 fb-icon-element fontawesome-icon fa fa-phone circle-no fusion-text-flow\" style=\"--awb-font-size:20px;--awb-margin-right:10px;\"><\/i><b>Sophrologie :\u00a0<\/b>06 72 19 83 88<\/p>\n<p><i class=\"fb-icon-element-16 fb-icon-element fontawesome-icon fa fa-phone circle-no fusion-text-flow\" style=\"--awb-font-size:20px;--awb-margin-right:10px;\"><\/i><b>Th\u00e9rapie Familiale :\u00a0<\/b>06 72 19 83 88<\/p>\n<p style=\"text-align: justify;\">Veuillez noter que nous \u00e9vitons de d\u00e9crocher\u00a0lorsque nous sommes en consultation, mais vous pouvez laisser un message avec vos coordonn\u00e9es pour que nous puissions vous rappeler d\u00e8s que possible.<\/p>\n<p style=\"text-align: justify;\">[contact-form-7 id=\u00a0\u00bb154&Prime; title=\u00a0\u00bbContact PES Saint-Claude (Mobile)\u00a0\u00bb]<\/p>\n<\/div><div class=\"fusion-clearfix\"><\/div><\/div><\/div><\/div><\/div><\/p>\n","protected":false},"excerpt":{"rendered":"","protected":false},"author":1,"featured_media":0,"parent":0,"menu_order":0,"comment_status":"open","ping_status":"open","template":"100-width.php","meta":{"footnotes":""},"class_list":["post-22","page","type-page","status-publish","hentry"],"_links":{"self":[{"href":"https:\/\/pes-jura.fr\/saint-claude\/wp-json\/wp\/v2\/pages\/22","targetHints":{"allow":["GET"]}}],"collection":[{"href":"https:\/\/pes-jura.fr\/saint-claude\/wp-json\/wp\/v2\/pages"}],"about":[{"href":"https:\/\/pes-jura.fr\/saint-claude\/wp-json\/wp\/v2\/types\/page"}],"author":[{"embeddable":true,"href":"https:\/\/pes-jura.fr\/saint-claude\/wp-json\/wp\/v2\/users\/1"}],"replies":[{"embeddable":true,"href":"https:\/\/pes-jura.fr\/saint-claude\/wp-json\/wp\/v2\/comments?post=22"}],"version-history":[{"count":27,"href":"https:\/\/pes-jura.fr\/saint-claude\/wp-json\/wp\/v2\/pages\/22\/revisions"}],"predecessor-version":[{"id":578,"href":"https:\/\/pes-jura.fr\/saint-claude\/wp-json\/wp\/v2\/pages\/22\/revisions\/578"}],"wp:attachment":[{"href":"https:\/\/pes-jura.fr\/saint-claude\/wp-json\/wp\/v2\/media?parent=22"}],"curies":[{"name":"wp","href":"https:\/\/api.w.org\/{rel}","templated":true}]}}

<p><div class="fusion-fullwidth fullwidth-box fusion-builder-row-1 hundred-percent-fullwidth non-hundred-percent-height-scrolling" style="--awb-border-radius-top-left:0px;--awb-border-radius-top-right:0px;--awb-border-radius-bottom-right:0px;--awb-border-radius-bottom-left:0px;--awb-padding-top:0px;--awb-padding-right:0px;--awb-padding-bottom:0px;--awb-padding-left:0px;--awb-margin-top:0px;--awb-margin-bottom:0px;--awb-flex-wrap:wrap;" ><div class="fusion-builder-row fusion-row"><div class="fusion-layout-column fusion_builder_column fusion-builder-column-0 fusion_builder_column_1_1 1_1 fusion-one-full fusion-column-first fusion-column-last" style="--awb-bg-size:cover;"><div class="fusion-column-wrapper fusion-flex-column-wrapper-legacy">					<script type="text/javascript">
						var map_fusion_map_69f2bcc45e4ab;
						var markers = [];
						var counter = 0;
																				var fusionMapNonce = 'df1fc478f8';
												function fusion_run_map_fusion_map_69f2bcc45e4ab() {
							jQuery ('#fusion_map_69f2bcc45e4ab' ).fusion_maps( {
								addresses: [{"address":"2 Boulevard de la R\u00e9publique, 39200 Saint-Claude, France","infobox_content":"<center>P\u00f4le Equilibre&Sant\u00e9 de Saint-Claude<br \/>2 Boulevard de la R\u00e9publique<br \/> 39200 Saint-Claude <\/center>\\n","marker":"https:\/\/pes-jura.fr\/saint-claude\/wp-content\/uploads\/sites\/2\/2017\/01\/Marker-Map-PES_FondBlanc-e1485622505524.png","coordinates":false,"cache":true,"latitude":"46.3906517","longitude":"5.8631460999999945"}],
								animations: true,
								infobox_background_color: '#ffffff',
								infobox_styling: 'custom',
								infobox_text_color: '#000000',
								map_style: 'custom',
								map_type: 'roadmap',
								marker_icon: 'https://pes-jura.fr/saint-claude/wp-content/uploads/sites/2/2017/01/Marker-Map-PES_FondBlanc-e1485622505524.png',
								overlay_color: '',
								overlay_color_hsl: {"hue":0,"sat":0,"lum":100},
								show_address: true,
								scale_control: true,
								scrollwheel: false,
								zoom: 15,
								zoom_control: true,
							} );
						}

						google.maps.event.addDomListener(window, 'load', fusion_run_map_fusion_map_69f2bcc45e4ab);
					</script>
					<div class="shortcode-map fusion-google-map fusion-maps-js-type" style="--awb-height:400px;" id="fusion_map_69f2bcc45e4ab"></div><div class="fusion-clearfix"></div></div></div></div></div><div class="fusion-fullwidth fullwidth-box fusion-builder-row-2 nonhundred-percent-fullwidth non-hundred-percent-height-scrolling fusion-no-small-visibility fusion-no-medium-visibility" style="--awb-border-radius-top-left:0px;--awb-border-radius-top-right:0px;--awb-border-radius-bottom-right:0px;--awb-border-radius-bottom-left:0px;--awb-padding-top:20px;--awb-padding-bottom:20px;--awb-flex-wrap:wrap;" ><div class="fusion-builder-row fusion-row"><div class="fusion-layout-column fusion_builder_column fusion-builder-column-1 fusion_builder_column_1_1 1_1 fusion-one-full fusion-column-first fusion-column-last" style="--awb-bg-size:cover;"><div class="fusion-column-wrapper fusion-flex-column-wrapper-legacy"><div class="fusion-title title fusion-title-1 fusion-title-center fusion-title-text fusion-title-size-one"><div class="title-sep-container title-sep-container-left"><div class="title-sep sep-double sep-solid" style="border-color:#e0dede;"></div></div><span class="awb-title-spacer"></span><h1 class="fusion-title-heading title-heading-center fusion-responsive-typography-calculated" style="margin:0;--fontSize:34;line-height:1.41;">Nous contacter</h1><span class="awb-title-spacer"></span><div class="title-sep-container title-sep-container-right"><div class="title-sep sep-double sep-solid" style="border-color:#e0dede;"></div></div></div><div class="fusion-text fusion-text-1"><p style="text-align: justify;">Vous souhaitez contacter un thérapeute du Pôle Equilibre&amp;Santé de Saint-Claude pour poser des questions ou prendre rendez-vous? Pour cela, rien de plus simple : nous vous invitons à remplir ce formulaire de contact et nous tâcherons de vous répondre dans les plus brefs délais.</p>
<p style="text-align: justify;">Vous pouvez également prendre contact par téléphone :</p>
<p><i class="fb-icon-element-1 fb-icon-element fontawesome-icon fa fa-phone circle-no fusion-text-flow" style="--awb-font-size:20px;--awb-margin-right:10px;"></i><b>Art-thérapie :</b>06 08 80 39 87</p>
<p style="text-align: justify;"><i class="fb-icon-element-2 fb-icon-element fontawesome-icon fa fa-phone circle-no fusion-text-flow" style="--awb-font-size:20px;--awb-margin-right:10px;"></i><b>Ostéopathie :</b> 06 51 93 55 80</p>
<p><i class="fb-icon-element-3 fb-icon-element fontawesome-icon fa fa-phone circle-no fusion-text-flow" style="--awb-font-size:20px;--awb-margin-right:10px;"></i><b>Psychologie-Psychothérapie : </b>07 82 43 91 75</p>
<p style="text-align: justify;"><i class="fb-icon-element-4 fb-icon-element fontawesome-icon fa fa-phone circle-no fusion-text-flow" style="--awb-font-size:20px;--awb-margin-right:10px;"></i><b>Psycho-thérapie : </b>06 76 84 80 82</p>
<p><i class="fb-icon-element-5 fb-icon-element fontawesome-icon fa fa-phone circle-no fusion-text-flow" style="--awb-font-size:20px;--awb-margin-right:10px;"></i><b>Réflexologie Plantaire : </b>07 49 06 75 75 (Carine)</p>
<p><i class="fb-icon-element-6 fb-icon-element fontawesome-icon fa fa-phone circle-no fusion-text-flow" style="--awb-font-size:20px;--awb-margin-right:10px;"></i><b>Soins Infirmiers : </b>07 86 03 07 34</p>
<p><i class="fb-icon-element-7 fb-icon-element fontawesome-icon fa fa-phone circle-no fusion-text-flow" style="--awb-font-size:20px;--awb-margin-right:10px;"></i><b>Sophrologie : </b>06 72 19 83 88</p>
<p><i class="fb-icon-element-8 fb-icon-element fontawesome-icon fa fa-phone circle-no fusion-text-flow" style="--awb-font-size:20px;--awb-margin-right:10px;"></i><b>Thérapie Familiale : </b>06 72 19 83 88</p>
<p style="text-align: justify;">Veuillez noter que nous évitons de décrocher lorsque nous sommes en consultation, mais vous pouvez laisser un message avec vos coordonnées pour que nous puissions vous rappeler dès que possible.</p>
<p style="text-align: justify;">[contact-form-7 id= »153&Prime; title= »Contact PES Saint-Claude »]</p>
</div><div class="fusion-clearfix"></div></div></div></div></div><div class="fusion-fullwidth fullwidth-box fusion-builder-row-3 nonhundred-percent-fullwidth non-hundred-percent-height-scrolling fusion-no-large-visibility" style="--awb-border-radius-top-left:0px;--awb-border-radius-top-right:0px;--awb-border-radius-bottom-right:0px;--awb-border-radius-bottom-left:0px;--awb-padding-top:20px;--awb-padding-bottom:20px;--awb-flex-wrap:wrap;" ><div class="fusion-builder-row fusion-row"><div class="fusion-layout-column fusion_builder_column fusion-builder-column-2 fusion_builder_column_1_1 1_1 fusion-one-full fusion-column-first fusion-column-last" style="--awb-bg-size:cover;"><div class="fusion-column-wrapper fusion-flex-column-wrapper-legacy"><div class="fusion-title title fusion-title-2 fusion-title-center fusion-title-text fusion-title-size-one"><div class="title-sep-container title-sep-container-left"><div class="title-sep sep-double sep-solid" style="border-color:#e0dede;"></div></div><span class="awb-title-spacer"></span><h1 class="fusion-title-heading title-heading-center fusion-responsive-typography-calculated" style="margin:0;--fontSize:34;line-height:1.41;">Nous contacter</h1><span class="awb-title-spacer"></span><div class="title-sep-container title-sep-container-right"><div class="title-sep sep-double sep-solid" style="border-color:#e0dede;"></div></div></div><div class="fusion-text fusion-text-2"><p style="text-align: justify;">Vous souhaitez contacter un thérapeute du Pôle Equilibre&amp;Santé de Saint-Claude pour poser des questions ou prendre rendez-vous? Pour cela, rien de plus simple : nous vous invitons à remplir ce formulaire de contact et nous tâcherons de vous répondre dans les plus brefs délais.</p>
<p style="text-align: justify;">Vous pouvez également prendre contact par téléphone :</p>
<p><i class="fb-icon-element-9 fb-icon-element fontawesome-icon fa fa-phone circle-no fusion-text-flow" style="--awb-font-size:20px;--awb-margin-right:10px;"></i><b>Art-thérapie :</b>06 08 80 39 87</p>
<p style="text-align: justify;"><i class="fb-icon-element-10 fb-icon-element fontawesome-icon fa fa-phone circle-no fusion-text-flow" style="--awb-font-size:20px;--awb-margin-right:10px;"></i><b>Ostéopathie :</b> 06 51 93 55 80</p>
<p><i class="fb-icon-element-11 fb-icon-element fontawesome-icon fa fa-phone circle-no fusion-text-flow" style="--awb-font-size:20px;--awb-margin-right:10px;"></i><b>Psychologie-Psychothérapie : </b>07 82 43 91 75</p>
<p style="text-align: justify;"><i class="fb-icon-element-12 fb-icon-element fontawesome-icon fa fa-phone circle-no fusion-text-flow" style="--awb-font-size:20px;--awb-margin-right:10px;"></i><b>Psycho-thérapie : </b>06 76 84 80 82</p>
<p><i class="fb-icon-element-13 fb-icon-element fontawesome-icon fa fa-phone circle-no fusion-text-flow" style="--awb-font-size:20px;--awb-margin-right:10px;"></i><b>Réflexologie Plantaire : </b>07 49 06 75 75 (Carine)</p>
<p><i class="fb-icon-element-14 fb-icon-element fontawesome-icon fa fa-phone circle-no fusion-text-flow" style="--awb-font-size:20px;--awb-margin-right:10px;"></i><b>Soins Infirmiers : </b>07 86 03 07 34</p>
<p><i class="fb-icon-element-15 fb-icon-element fontawesome-icon fa fa-phone circle-no fusion-text-flow" style="--awb-font-size:20px;--awb-margin-right:10px;"></i><b>Sophrologie : </b>06 72 19 83 88</p>
<p><i class="fb-icon-element-16 fb-icon-element fontawesome-icon fa fa-phone circle-no fusion-text-flow" style="--awb-font-size:20px;--awb-margin-right:10px;"></i><b>Thérapie Familiale : </b>06 72 19 83 88</p>
<p style="text-align: justify;">Veuillez noter que nous évitons de décrocher lorsque nous sommes en consultation, mais vous pouvez laisser un message avec vos coordonnées pour que nous puissions vous rappeler dès que possible.</p>
<p style="text-align: justify;">[contact-form-7 id= »154&Prime; title= »Contact PES Saint-Claude (Mobile) »]</p>
</div><div class="fusion-clearfix"></div></div></div></div></div></p>
